{"id":7915,"date":"2017-09-12T13:26:23","date_gmt":"2017-09-12T13:26:23","guid":{"rendered":"https:\/\/www.hopp-la.ch\/hopp-la-tandem\/"},"modified":"2023-06-14T13:07:45","modified_gmt":"2023-06-14T13:07:45","slug":"hopp-la-tandem","status":"publish","type":"page","link":"https:\/\/www.hopp-la.ch\/fr\/hopp-la-tandem\/","title":{"rendered":"Hopp-la Tandem"},"content":{"rendered":"<div class=\"wpb-content-wrapper\"><p>[vc_row bg_type=&#8221;bg_color&#8221; bg_override=&#8221;ex-full&#8221; bg_color_value=&#8221;#f4f4f4&#8243;][vc_column]<div id=\"ultimate-heading-394669f3d4dec3a4a\" class=\"uvc-heading ult-adjust-bottom-margin ultimate-heading-394669f3d4dec3a4a uvc-1399 accent-border-color\" data-hspacer=\"line_only\"  data-halign=\"left\" style=\"text-align:left\"><div class=\"uvc-main-heading ult-responsive\"  data-ultimate-target='.uvc-heading.ultimate-heading-394669f3d4dec3a4a h2'  data-responsive-json-new='{\"font-size\":\"desktop:26px;\",\"line-height\":\"desktop:36px;\"}' ><h2 style=\"font-weight:bold;\">Hopp-la Tandem<\/h2><\/div><div class=\"uvc-heading-spacer line_only\" style=\"margin-top:15px;margin-bottom:50px;height:4px;\"><span class=\"uvc-headings-line\" style=\"border-style:solid;border-bottom-width:4px;border-color:;width:50px;\"><\/span><\/div><\/div>[vc_row_inner][vc_column_inner width=&#8221;2\/3&#8243;][vc_column_text]Rencontre par le mouvement dans une maison de retraite : dans le cadre de Hopp-la Tandem, des rencontres ax\u00e9es sur le mouvement ont lieu entre la jeune et la g\u00e9n\u00e9ration plus \u00e2g\u00e9e, dans la mesure o\u00f9 des enfants de structures d&#8217;accueil de jour\/de jardins d&#8217;enfants\/d&#8217;\u00e9coles visitent r\u00e9guli\u00e8rement une maison de retraite\/de soins.<\/p>\n<p>[\/vc_column_text][\/vc_column_inner][vc_column_inner width=&#8221;1\/3&#8243;][\/vc_column_inner][\/vc_row_inner][vc_row_inner][vc_column_inner width=&#8221;2\/3&#8243;]<style type=\"text\/css\" data-type=\"the7_shortcodes-inline-css\">.shortcode-single-image-wrap.shortcode-single-image-36de0100b1c8781c204036059c149177.enable-bg-rollover .rollover i,\n.shortcode-single-image-wrap.shortcode-single-image-36de0100b1c8781c204036059c149177.enable-bg-rollover .rollover-video i {\n  background: -webkit-linear-gradient();\n  background: linear-gradient();\n}\n.shortcode-single-image-wrap.shortcode-single-image-36de0100b1c8781c204036059c149177 .rollover-icon {\n  font-size: 32px;\n  color: #ffffff;\n  min-width: 44px;\n  min-height: 44px;\n  line-height: 44px;\n  border-radius: 100px;\n  border-style: solid;\n  border-width: 0px;\n}\n.dt-icon-bg-on.shortcode-single-image-wrap.shortcode-single-image-36de0100b1c8781c204036059c149177 .rollover-icon {\n  background: rgba(255,255,255,0.3);\n  box-shadow: none;\n}<\/style><div class=\"shortcode-single-image-wrap shortcode-single-image-36de0100b1c8781c204036059c149177 alignnone  vc_custom_1515685297699 enable-bg-rollover dt-icon-bg-off\" ><div class=\"shortcode-single-image\"><div class=\"fancy-media-wrap  layzr-bg\" style=\"\"><img fetchpriority=\"high\" decoding=\"async\" class=\"preload-me lazy-load aspect\" src=\"data:image\/svg+xml,%3Csvg%20xmlns%3D&#39;http%3A%2F%2Fwww.w3.org%2F2000%2Fsvg&#39;%20viewBox%3D&#39;0%200%205184%202916&#39;%2F%3E\" data-src=\"https:\/\/www.hopp-la.ch\/wp-content\/uploads\/2017\/12\/DSC01859_tandem.jpg\" data-srcset=\"https:\/\/www.hopp-la.ch\/wp-content\/uploads\/2017\/12\/DSC01859_tandem.jpg 5184w\" loading=\"eager\" sizes=\"(max-width: 5184px) 100vw, 5184px\" width=\"5184\" height=\"2916\"  data-dt-location=\"https:\/\/www.hopp-la.ch\/fr\/?attachment_id=1550\" style=\"--ratio: 5184 \/ 2916;\" alt=\"\" \/><\/div><\/div><\/div>[\/vc_column_inner][vc_column_inner width=&#8221;1\/3&#8243;][vc_column_text el_class=&#8221;quote&#8221;]<strong>&#8220;Depuis la mise en place de Hopp-la Tandem, les r\u00e9sident-e-s font beaucoup plus d&#8217;exercice, m\u00eame en dehors des le\u00e7ons&#8221;.<\/strong><\/p>\n<p>Assistante de maison de retraite et de soins[\/vc_column_text][vc_column_text el_class=&#8221;quote&#8221;]<strong>&#8220;Mon enfant n&#8217;a gu\u00e8re de contacts avec les a\u00een\u00e9s. Gr\u00e2ce au tandem, il a pu d\u00e9couvrir ce que signifie la derni\u00e8re phase de la vie&#8221;.<\/strong><\/p>\n<p>R\u00e9action des parents[\/vc_column_text][vc_column_text el_class=&#8221;quote&#8221;]<strong>&#8220;Les enfants ont montr\u00e9 un tout nouveau comportement, ils sont devenus pr\u00e9venants et patients envers les personnes \u00e2g\u00e9es&#8221;.<\/strong><\/p>\n<p>Garde\/-ienne d&#8217;enfants[\/vc_column_text][\/vc_column_inner][\/vc_row_inner][vc_row_inner][vc_column_inner width=&#8221;2\/3&#8243;]<div id=\"ultimate-heading-520769f3d4dec4594\" class=\"uvc-heading ult-adjust-bottom-margin ultimate-heading-520769f3d4dec4594 uvc-7824 \" data-hspacer=\"no_spacer\"  data-halign=\"left\" style=\"text-align:left\"><div class=\"uvc-heading-spacer no_spacer\" style=\"top\"><\/div><div class=\"uvc-main-heading ult-responsive\"  data-ultimate-target='.uvc-heading.ultimate-heading-520769f3d4dec4594 h2'  data-responsive-json-new='{\"font-size\":\"desktop:20px;\",\"line-height\":\"desktop:30px;\"}' ><h2 style=\"font-weight:bold;\">Objectif<\/h2><\/div><\/div>[vc_column_text]La vision de l&#8217;offre Hopp-la Tandem est une promotion durable et interg\u00e9n\u00e9rationnelle de l&#8217;activit\u00e9 physique et de la sant\u00e9 dans le setting institutionnel (\u00e9coles\/structures d&#8217;accueil de jour pour enfants, maisons de retraite et de soins). Par le mouvement, le jeu et le plaisir, il s&#8217;agit de cr\u00e9er une interaction entre les jeunes et les personnes \u00e2g\u00e9es qui soit profitable \u00e0 tous les participant-e-s en influen\u00e7ant positivement diff\u00e9rentes dimensions (motrices\/physiques, psychiques\/\u00e9motionnelles, sociales, cognitives).<br \/>\nAu contact des personnes \u00e2g\u00e9es, les enfants d\u00e9couvrent un nouveau monde. D&#8217;autres conditions et locaux, qui leur sont \u00e9trangers, doivent \u00eatre renifl\u00e9s. Les rencontres assist\u00e9es aident les enfants, d&#8217;une part, \u00e0 r\u00e9duire leurs incertitudes et leur peur du contact et, d&#8217;autre part, \u00e0 d\u00e9velopper l&#8217;empathie, la tol\u00e9rance et le respect envers la g\u00e9n\u00e9ration des a\u00een\u00e9s.<br \/>\nGr\u00e2ce \u00e0 ces rencontres r\u00e9guli\u00e8res, les enfants sont confront\u00e9s \u00e0 des th\u00e8mes tels que le vieillissement et la mort, ce qui \u00e9largit leur champ d&#8217;exp\u00e9rience et de compr\u00e9hension. Du c\u00f4t\u00e9 des personnes \u00e2g\u00e9es, les rencontres interg\u00e9n\u00e9rationnelles offrent la possibilit\u00e9 de partager leurs exp\u00e9riences de vie, de contribuer au bien-\u00eatre des autres et de participer activement \u00e0 la soci\u00e9t\u00e9. L&#8217;interaction avec les enfants permet de stimuler l&#8217;int\u00e9r\u00eat, l&#8217;engagement et le bien-\u00eatre (Krumbach et al., 2015). Les rencontres interg\u00e9n\u00e9rationnelles ont \u00e9galement des effets positifs, en particulier pour les personnes atteintes de d\u00e9mence. Pendant les rencontres, ils semblent plus \u00e9veill\u00e9s et participent davantage aux interactions (Wolfensberger, 2016). En mettant l&#8217;accent sur le contenu de l&#8217;activit\u00e9 physique, le Hopp-la Tandem vise en outre \u00e0 lutter contre le processus de vieillissement biologique et \u00e0 influencer positivement le d\u00e9veloppement de l&#8217;enfant. De plus, une activit\u00e9 physique r\u00e9guli\u00e8re favorise la mobilit\u00e9 et l&#8217;autonomie des personnes \u00e2g\u00e9es. La force, l&#8217;\u00e9quilibre, la coordination et la mobilit\u00e9 sont donc des contenus importants des le\u00e7ons de Hopp-la Tandem.[\/vc_column_text][\/vc_column_inner][vc_column_inner width=&#8221;1\/3&#8243;][\/vc_column_inner][\/vc_row_inner][vc_row_inner][vc_column_inner width=&#8221;2\/3&#8243;]<div id=\"ultimate-heading-542869f3d4dec45d1\" class=\"uvc-heading ult-adjust-bottom-margin ultimate-heading-542869f3d4dec45d1 uvc-2235 \" data-hspacer=\"no_spacer\"  data-halign=\"left\" style=\"text-align:left\"><div class=\"uvc-heading-spacer no_spacer\" style=\"top\"><\/div><div class=\"uvc-main-heading ult-responsive\"  data-ultimate-target='.uvc-heading.ultimate-heading-542869f3d4dec45d1 h2'  data-responsive-json-new='{\"font-size\":\"desktop:20px;\",\"line-height\":\"desktop:30px;\"}' ><h2 style=\"font-weight:bold;\">Groupe cible<\/h2><\/div><\/div>[vc_column_text]Le groupe cible de la jeune g\u00e9n\u00e9ration comprend les enfants des structures d&#8217;accueil de jour\/des cr\u00e8ches ainsi que des \u00e9coles maternelles et primaires. Le groupe cible des seniors comprend les personnes \u00e2g\u00e9es et les r\u00e9sident-e-s des maisons de retraite et des \u00e9tablissements de soins.[\/vc_column_text][\/vc_column_inner][vc_column_inner width=&#8221;1\/3&#8243;][\/vc_column_inner][\/vc_row_inner][vc_row_inner][vc_column_inner width=&#8221;2\/3&#8243;]<div id=\"ultimate-heading-406469f3d4dec45ff\" class=\"uvc-heading ult-adjust-bottom-margin ultimate-heading-406469f3d4dec45ff uvc-2666 \" data-hspacer=\"no_spacer\"  data-halign=\"left\" style=\"text-align:left\"><div class=\"uvc-heading-spacer no_spacer\" style=\"top\"><\/div><div class=\"uvc-main-heading ult-responsive\"  data-ultimate-target='.uvc-heading.ultimate-heading-406469f3d4dec45ff h2'  data-responsive-json-new='{\"font-size\":\"desktop:20px;\",\"line-height\":\"desktop:30px;\"}' ><h2 style=\"font-weight:bold;\">Structure et contenu<\/h2><\/div><\/div>[vc_column_text]Une le\u00e7on en tandem commence par la chanson Hopp-la, pendant laquelle les enfants et les personnes \u00e2g\u00e9es peuvent se d\u00e9placer. Ensuite, diff\u00e9rents jeux et exercices physiques sont organis\u00e9s, ce qui favorise l&#8217;interaction entre les jeunes et les personnes \u00e2g\u00e9es. Une s\u00e9quence s\u00e9par\u00e9e a lieu entre chaque le\u00e7on, pendant laquelle les enfants quittent la salle. Au cours de cette s\u00e9quence, des exercices physiques sp\u00e9cifiques sont r\u00e9alis\u00e9s avec les r\u00e9sident-e-s. En m\u00eame temps, les enfants s&#8217;entra\u00eenent dans une autre pi\u00e8ce pour une d\u00e9monstration qui sera pr\u00e9sent\u00e9e plus tard. La le\u00e7on se termine par un rituel final et une chanson de cl\u00f4ture.[\/vc_column_text][\/vc_column_inner][vc_column_inner width=&#8221;1\/3&#8243;][\/vc_column_inner][\/vc_row_inner][vc_row_inner][vc_column_inner width=&#8221;2\/3&#8243;]<div id=\"ultimate-heading-792369f3d4dec4629\" class=\"uvc-heading ult-adjust-bottom-margin ultimate-heading-792369f3d4dec4629 uvc-1368 \" data-hspacer=\"no_spacer\"  data-halign=\"left\" style=\"text-align:left\"><div class=\"uvc-heading-spacer no_spacer\" style=\"top\"><\/div><div class=\"uvc-main-heading ult-responsive\"  data-ultimate-target='.uvc-heading.ultimate-heading-792369f3d4dec4629 h2'  data-responsive-json-new='{\"font-size\":\"desktop:20px;\",\"line-height\":\"desktop:30px;\"}' ><h2 style=\"font-weight:bold;\">Perspectives<\/h2><\/div><\/div>[vc_column_text]Afin de garantir la qualit\u00e9 et le professionnalisme des cours, la planification et la r\u00e9alisation ont fait l&#8217;objet d&#8217;un suivi scientifique en collaboration avec le DSBG (D\u00e9partement du sport, de la sant\u00e9 et du mouvement) de l&#8217;Universit\u00e9 de B\u00e2le. L&#8217;objectif de la phase pilote (du printemps 2016 \u00e0 l&#8217;\u00e9t\u00e9 2017) \u00e9tait de d\u00e9velopper un guide afin que les exp\u00e9riences puissent \u00eatre transmises \u00e0 l&#8217;ext\u00e9rieur et que l&#8217;id\u00e9e de projet puisse \u00eatre diffus\u00e9e (dans toute la Suisse). Sur la base du guide, d&#8217;autres parrainages de coop\u00e9ration entre les \u00e9coles et les \u00e9tablissements de garde d&#8217;enfants ainsi que les maisons de retraite et de soins doivent \u00eatre cr\u00e9\u00e9s en permanence.[\/vc_column_text][\/vc_column_inner][vc_column_inner width=&#8221;1\/3&#8243;][\/vc_column_inner][\/vc_row_inner][\/vc_column][\/vc_row]<\/p>\n<\/div>","protected":false},"excerpt":{"rendered":"<p>[vc_row bg_type=&#8221;bg_color&#8221; bg_override=&#8221;ex-full&#8221; bg_color_value=&#8221;#f4f4f4&#8243;][vc_column][vc_row_inner][vc_column_inner width=&#8221;2\/3&#8243;][vc_column_text]Rencontre par le mouvement dans une maison de retraite : dans le cadre de Hopp-la Tandem, des rencontres ax\u00e9es sur le mouvement ont lieu entre la jeune et la g\u00e9n\u00e9ration plus \u00e2g\u00e9e, dans la mesure o\u00f9 des enfants de structures d&#8217;accueil de jour\/de jardins d&#8217;enfants\/d&#8217;\u00e9coles visitent r\u00e9guli\u00e8rement une maison de retraite\/de&hellip;<\/p>\n","protected":false},"author":1,"featured_media":0,"parent":0,"menu_order":0,"comment_status":"closed","ping_status":"closed","template":"","meta":{"_monsterinsights_skip_tracking":false,"_monsterinsights_sitenote_active":false,"_monsterinsights_sitenote_note":"","_monsterinsights_sitenote_category":0,"footnotes":""},"class_list":["post-7915","page","type-page","status-publish","hentry","description-off"],"_links":{"self":[{"href":"https:\/\/www.hopp-la.ch\/fr\/wp-json\/wp\/v2\/pages\/7915","targetHints":{"allow":["GET"]}}],"collection":[{"href":"https:\/\/www.hopp-la.ch\/fr\/wp-json\/wp\/v2\/pages"}],"about":[{"href":"https:\/\/www.hopp-la.ch\/fr\/wp-json\/wp\/v2\/types\/page"}],"author":[{"embeddable":true,"href":"https:\/\/www.hopp-la.ch\/fr\/wp-json\/wp\/v2\/users\/1"}],"replies":[{"embeddable":true,"href":"https:\/\/www.hopp-la.ch\/fr\/wp-json\/wp\/v2\/comments?post=7915"}],"version-history":[{"count":11,"href":"https:\/\/www.hopp-la.ch\/fr\/wp-json\/wp\/v2\/pages\/7915\/revisions"}],"predecessor-version":[{"id":8571,"href":"https:\/\/www.hopp-la.ch\/fr\/wp-json\/wp\/v2\/pages\/7915\/revisions\/8571"}],"wp:attachment":[{"href":"https:\/\/www.hopp-la.ch\/fr\/wp-json\/wp\/v2\/media?parent=7915"}],"curies":[{"name":"wp","href":"https:\/\/api.w.org\/{rel}","templated":true}]}}

<div class="wpb-content-wrapper"><p>[vc_row bg_type=&#8221;bg_color&#8221; bg_override=&#8221;ex-full&#8221; bg_color_value=&#8221;#f4f4f4&#8243;][vc_column]<div id="ultimate-heading-394669f3d4dec3a4a" class="uvc-heading ult-adjust-bottom-margin ultimate-heading-394669f3d4dec3a4a uvc-1399 accent-border-color" data-hspacer="line_only"  data-halign="left" style="text-align:left"><div class="uvc-main-heading ult-responsive"  data-ultimate-target='.uvc-heading.ultimate-heading-394669f3d4dec3a4a h2'  data-responsive-json-new='{"font-size":"desktop:26px;","line-height":"desktop:36px;"}' ><h2 style="font-weight:bold;">Hopp-la Tandem</h2></div><div class="uvc-heading-spacer line_only" style="margin-top:15px;margin-bottom:50px;height:4px;"><span class="uvc-headings-line" style="border-style:solid;border-bottom-width:4px;border-color:;width:50px;"></span></div></div>[vc_row_inner][vc_column_inner width=&#8221;2/3&#8243;][vc_column_text]Rencontre par le mouvement dans une maison de retraite : dans le cadre de Hopp-la Tandem, des rencontres axées sur le mouvement ont lieu entre la jeune et la génération plus âgée, dans la mesure où des enfants de structures d&#8217;accueil de jour/de jardins d&#8217;enfants/d&#8217;écoles visitent régulièrement une maison de retraite/de soins.</p>
<p>[/vc_column_text][/vc_column_inner][vc_column_inner width=&#8221;1/3&#8243;][/vc_column_inner][/vc_row_inner][vc_row_inner][vc_column_inner width=&#8221;2/3&#8243;]<style type="text/css" data-type="the7_shortcodes-inline-css">.shortcode-single-image-wrap.shortcode-single-image-36de0100b1c8781c204036059c149177.enable-bg-rollover .rollover i,
.shortcode-single-image-wrap.shortcode-single-image-36de0100b1c8781c204036059c149177.enable-bg-rollover .rollover-video i {
  background: -webkit-linear-gradient();
  background: linear-gradient();
}
.shortcode-single-image-wrap.shortcode-single-image-36de0100b1c8781c204036059c149177 .rollover-icon {
  font-size: 32px;
  color: #ffffff;
  min-width: 44px;
  min-height: 44px;
  line-height: 44px;
  border-radius: 100px;
  border-style: solid;
  border-width: 0px;
}
.dt-icon-bg-on.shortcode-single-image-wrap.shortcode-single-image-36de0100b1c8781c204036059c149177 .rollover-icon {
  background: rgba(255,255,255,0.3);
  box-shadow: none;
}</style><div class="shortcode-single-image-wrap shortcode-single-image-36de0100b1c8781c204036059c149177 alignnone  vc_custom_1515685297699 enable-bg-rollover dt-icon-bg-off" ><div class="shortcode-single-image"><div class="fancy-media-wrap  layzr-bg" style=""><img fetchpriority="high" decoding="async" class="preload-me lazy-load aspect" src="data:image/svg+xml,%3Csvg%20xmlns%3D&#39;http%3A%2F%2Fwww.w3.org%2F2000%2Fsvg&#39;%20viewBox%3D&#39;0%200%205184%202916&#39;%2F%3E" data-src="https://www.hopp-la.ch/wp-content/uploads/2017/12/DSC01859_tandem.jpg" data-srcset="https://www.hopp-la.ch/wp-content/uploads/2017/12/DSC01859_tandem.jpg 5184w" loading="eager" sizes="(max-width: 5184px) 100vw, 5184px" width="5184" height="2916"  data-dt-location="https://www.hopp-la.ch/fr/?attachment_id=1550" style="--ratio: 5184 / 2916;" alt="" /></div></div></div>[/vc_column_inner][vc_column_inner width=&#8221;1/3&#8243;][vc_column_text el_class=&#8221;quote&#8221;]<strong>&#8220;Depuis la mise en place de Hopp-la Tandem, les résident-e-s font beaucoup plus d&#8217;exercice, même en dehors des leçons&#8221;.</strong></p>
<p>Assistante de maison de retraite et de soins[/vc_column_text][vc_column_text el_class=&#8221;quote&#8221;]<strong>&#8220;Mon enfant n&#8217;a guère de contacts avec les aînés. Grâce au tandem, il a pu découvrir ce que signifie la dernière phase de la vie&#8221;.</strong></p>
<p>Réaction des parents[/vc_column_text][vc_column_text el_class=&#8221;quote&#8221;]<strong>&#8220;Les enfants ont montré un tout nouveau comportement, ils sont devenus prévenants et patients envers les personnes âgées&#8221;.</strong></p>
<p>Garde/-ienne d&#8217;enfants[/vc_column_text][/vc_column_inner][/vc_row_inner][vc_row_inner][vc_column_inner width=&#8221;2/3&#8243;]<div id="ultimate-heading-520769f3d4dec4594" class="uvc-heading ult-adjust-bottom-margin ultimate-heading-520769f3d4dec4594 uvc-7824 " data-hspacer="no_spacer"  data-halign="left" style="text-align:left"><div class="uvc-heading-spacer no_spacer" style="top"></div><div class="uvc-main-heading ult-responsive"  data-ultimate-target='.uvc-heading.ultimate-heading-520769f3d4dec4594 h2'  data-responsive-json-new='{"font-size":"desktop:20px;","line-height":"desktop:30px;"}' ><h2 style="font-weight:bold;">Objectif</h2></div></div>[vc_column_text]La vision de l&#8217;offre Hopp-la Tandem est une promotion durable et intergénérationnelle de l&#8217;activité physique et de la santé dans le setting institutionnel (écoles/structures d&#8217;accueil de jour pour enfants, maisons de retraite et de soins). Par le mouvement, le jeu et le plaisir, il s&#8217;agit de créer une interaction entre les jeunes et les personnes âgées qui soit profitable à tous les participant-e-s en influençant positivement différentes dimensions (motrices/physiques, psychiques/émotionnelles, sociales, cognitives).<br />
Au contact des personnes âgées, les enfants découvrent un nouveau monde. D&#8217;autres conditions et locaux, qui leur sont étrangers, doivent être reniflés. Les rencontres assistées aident les enfants, d&#8217;une part, à réduire leurs incertitudes et leur peur du contact et, d&#8217;autre part, à développer l&#8217;empathie, la tolérance et le respect envers la génération des aînés.<br />
Grâce à ces rencontres régulières, les enfants sont confrontés à des thèmes tels que le vieillissement et la mort, ce qui élargit leur champ d&#8217;expérience et de compréhension. Du côté des personnes âgées, les rencontres intergénérationnelles offrent la possibilité de partager leurs expériences de vie, de contribuer au bien-être des autres et de participer activement à la société. L&#8217;interaction avec les enfants permet de stimuler l&#8217;intérêt, l&#8217;engagement et le bien-être (Krumbach et al., 2015). Les rencontres intergénérationnelles ont également des effets positifs, en particulier pour les personnes atteintes de démence. Pendant les rencontres, ils semblent plus éveillés et participent davantage aux interactions (Wolfensberger, 2016). En mettant l&#8217;accent sur le contenu de l&#8217;activité physique, le Hopp-la Tandem vise en outre à lutter contre le processus de vieillissement biologique et à influencer positivement le développement de l&#8217;enfant. De plus, une activité physique régulière favorise la mobilité et l&#8217;autonomie des personnes âgées. La force, l&#8217;équilibre, la coordination et la mobilité sont donc des contenus importants des leçons de Hopp-la Tandem.[/vc_column_text][/vc_column_inner][vc_column_inner width=&#8221;1/3&#8243;][/vc_column_inner][/vc_row_inner][vc_row_inner][vc_column_inner width=&#8221;2/3&#8243;]<div id="ultimate-heading-542869f3d4dec45d1" class="uvc-heading ult-adjust-bottom-margin ultimate-heading-542869f3d4dec45d1 uvc-2235 " data-hspacer="no_spacer"  data-halign="left" style="text-align:left"><div class="uvc-heading-spacer no_spacer" style="top"></div><div class="uvc-main-heading ult-responsive"  data-ultimate-target='.uvc-heading.ultimate-heading-542869f3d4dec45d1 h2'  data-responsive-json-new='{"font-size":"desktop:20px;","line-height":"desktop:30px;"}' ><h2 style="font-weight:bold;">Groupe cible</h2></div></div>[vc_column_text]Le groupe cible de la jeune génération comprend les enfants des structures d&#8217;accueil de jour/des crèches ainsi que des écoles maternelles et primaires. Le groupe cible des seniors comprend les personnes âgées et les résident-e-s des maisons de retraite et des établissements de soins.[/vc_column_text][/vc_column_inner][vc_column_inner width=&#8221;1/3&#8243;][/vc_column_inner][/vc_row_inner][vc_row_inner][vc_column_inner width=&#8221;2/3&#8243;]<div id="ultimate-heading-406469f3d4dec45ff" class="uvc-heading ult-adjust-bottom-margin ultimate-heading-406469f3d4dec45ff uvc-2666 " data-hspacer="no_spacer"  data-halign="left" style="text-align:left"><div class="uvc-heading-spacer no_spacer" style="top"></div><div class="uvc-main-heading ult-responsive"  data-ultimate-target='.uvc-heading.ultimate-heading-406469f3d4dec45ff h2'  data-responsive-json-new='{"font-size":"desktop:20px;","line-height":"desktop:30px;"}' ><h2 style="font-weight:bold;">Structure et contenu</h2></div></div>[vc_column_text]Une leçon en tandem commence par la chanson Hopp-la, pendant laquelle les enfants et les personnes âgées peuvent se déplacer. Ensuite, différents jeux et exercices physiques sont organisés, ce qui favorise l&#8217;interaction entre les jeunes et les personnes âgées. Une séquence séparée a lieu entre chaque leçon, pendant laquelle les enfants quittent la salle. Au cours de cette séquence, des exercices physiques spécifiques sont réalisés avec les résident-e-s. En même temps, les enfants s&#8217;entraînent dans une autre pièce pour une démonstration qui sera présentée plus tard. La leçon se termine par un rituel final et une chanson de clôture.[/vc_column_text][/vc_column_inner][vc_column_inner width=&#8221;1/3&#8243;][/vc_column_inner][/vc_row_inner][vc_row_inner][vc_column_inner width=&#8221;2/3&#8243;]<div id="ultimate-heading-792369f3d4dec4629" class="uvc-heading ult-adjust-bottom-margin ultimate-heading-792369f3d4dec4629 uvc-1368 " data-hspacer="no_spacer"  data-halign="left" style="text-align:left"><div class="uvc-heading-spacer no_spacer" style="top"></div><div class="uvc-main-heading ult-responsive"  data-ultimate-target='.uvc-heading.ultimate-heading-792369f3d4dec4629 h2'  data-responsive-json-new='{"font-size":"desktop:20px;","line-height":"desktop:30px;"}' ><h2 style="font-weight:bold;">Perspectives</h2></div></div>[vc_column_text]Afin de garantir la qualité et le professionnalisme des cours, la planification et la réalisation ont fait l&#8217;objet d&#8217;un suivi scientifique en collaboration avec le DSBG (Département du sport, de la santé et du mouvement) de l&#8217;Université de Bâle. L&#8217;objectif de la phase pilote (du printemps 2016 à l&#8217;été 2017) était de développer un guide afin que les expériences puissent être transmises à l&#8217;extérieur et que l&#8217;idée de projet puisse être diffusée (dans toute la Suisse). Sur la base du guide, d&#8217;autres parrainages de coopération entre les écoles et les établissements de garde d&#8217;enfants ainsi que les maisons de retraite et de soins doivent être créés en permanence.[/vc_column_text][/vc_column_inner][vc_column_inner width=&#8221;1/3&#8243;][/vc_column_inner][/vc_row_inner][/vc_column][/vc_row]</p>
</div>

<p>[vc_row bg_type=&#8221;bg_color&#8221; bg_override=&#8221;ex-full&#8221; bg_color_value=&#8221;#f4f4f4&#8243;][vc_column][vc_row_inner][vc_column_inner width=&#8221;2/3&#8243;][vc_column_text]Rencontre par le mouvement dans une maison de retraite : dans le cadre de Hopp-la Tandem, des rencontres axées sur le mouvement ont lieu entre la jeune et la génération plus âgée, dans la mesure où des enfants de structures d&#8217;accueil de jour/de jardins d&#8217;enfants/d&#8217;écoles visitent régulièrement une maison de retraite/de&hellip;</p>
