{"id":9144,"date":"2023-08-14T09:26:33","date_gmt":"2023-08-14T09:26:33","guid":{"rendered":"https:\/\/www.hopp-la.ch\/mise-en-oeuvre-2\/projet-hopp-la-dans-le-canton-dag\/"},"modified":"2025-07-24T11:51:21","modified_gmt":"2025-07-24T11:51:21","slug":"projet-hopp-la-dans-le-canton-dag","status":"publish","type":"page","link":"https:\/\/www.hopp-la.ch\/fr\/mise-en-oeuvre-2\/projet-hopp-la-dans-le-canton-dag\/","title":{"rendered":"Projet Hopp-la dans le canton d&#8217;AG"},"content":{"rendered":"<div class=\"wpb-content-wrapper\"><p>[vc_row][vc_column][vc_empty_space height=&#8221;50px&#8221;]<div id=\"ultimate-heading-729469f148bd279a7\" class=\"uvc-heading ult-adjust-bottom-margin ultimate-heading-729469f148bd279a7 uvc-1130 accent-border-color uvc-heading-default-font-sizes\" data-hspacer=\"line_only\"  data-halign=\"left\" style=\"text-align:left\"><div class=\"uvc-main-heading ult-responsive\"  data-ultimate-target='.uvc-heading.ultimate-heading-729469f148bd279a7 h2'  data-responsive-json-new='{\"font-size\":\"\",\"line-height\":\"\"}' ><h2 style=\"--font-weight:theme;\">Projet Hopp-la dans le canton d'Argovie<\/h2><\/div><div class=\"uvc-heading-spacer line_only\" style=\"topheight:2px;\"><span class=\"uvc-headings-line\" style=\"border-style:solid;border-bottom-width:2px;border-color:#ccc;width:50px;\"><\/span><\/div><\/div>[vc_empty_space height=&#8221;50px&#8221;][\/vc_column][\/vc_row][vc_row][vc_column][vc_column_text]Sur mandat du canton d&#8217;Argovie (programme de promotion de la sant\u00e9 des personnes \u00e2g\u00e9es, d\u00e9partement de la sant\u00e9 et des affaires sociales), la fondation Hopp-la introduit les cours d&#8217;activit\u00e9 physique interg\u00e9n\u00e9rationnels &#8220;Hopp-la Fit&#8221; et &#8220;Hopp-la Tandem&#8221; dans le canton d&#8217;Argovie. En 2023 \/ 2024, l&#8217;introduction de ces cours dans onze communes \/ villes, dont trois dans le Fricktal, sera encourag\u00e9e.<\/p>\n<p>L&#8217;introduction de ces cours interg\u00e9n\u00e9rationnels a pour but de permettre aux jeunes et aux moins jeunes de se rencontrer davantage et de faire de l&#8217;exercice ensemble avec plaisir. En effet, les activit\u00e9s physiques interg\u00e9n\u00e9rationnelles cibl\u00e9es am\u00e9liorent les performances physiques, le bien-\u00eatre psychosocial et les comp\u00e9tences socio-\u00e9motionnelles : Cela se fait gr\u00e2ce \u00e0 un entra\u00eenement de la force et de l&#8217;\u00e9quilibre ludique et pr\u00e9ventif contre les chutes, ainsi que gr\u00e2ce \u00e0 la promotion de formes de base d&#8217;activit\u00e9 physique et de l&#8217;\u00e9change entre les g\u00e9n\u00e9rations.<\/p>\n<p>Vous trouverez des impressions sur les offres interg\u00e9n\u00e9rationnelles dans le reportage de SRF-Kulturplatz : &#8220;<a href=\"https:\/\/www.srf.ch\/play\/tv\/redirect\/detail\/a4d610b1-8361-49e4-bd40-66463f73fcd7\" target=\"_blank\" rel=\"noopener\">Jung trifft Alt im Basler Wesley Haus<\/a>&#8221; ainsi que <a href=\"https:\/\/www.srf.ch\/play\/tv\/redirect\/detail\/9be99f69-7a66-445d-91bf-99603675656c\" target=\"_blank\" rel=\"noopener\">&#8220;Das Projekt Hopp-la &#8211; gemeinsam in Bewegung&#8221;.<\/a>[\/vc_column_text][\/vc_column][\/vc_row][vc_row][vc_column width=&#8221;2\/3&#8243;][vc_column_text css=&#8221;&#8221;]Les communes, villes ou organisations int\u00e9ress\u00e9es peuvent t\u00e9l\u00e9charger toutes les informations pertinentes pour le projet :<\/p>\n<p><strong>T\u00e9l\u00e9chargements :\u00a0<\/strong>(que en allemand car L&#8217;Argovie est un canton suisse allemand)<\/p>\n<ul>\n<li><a href=\"https:\/\/www.hopp-la.ch\/wp-content\/uploads\/2023\/06\/Projektbeschreibung-Hopp-la-Kanton-Aargau_v3-1.pdf\" target=\"_blank\" rel=\"noopener\">Projektbeschreibung<\/a><\/li>\n<li><a href=\"https:\/\/www.hopp-la.ch\/wp-content\/uploads\/2023\/06\/Teilnahmebedingungen-fuer-Gemeinden_Staedte_Organisationen_v3.pdf\" target=\"_blank\" rel=\"noopener\">Teilnahmebedingungen<\/a><\/li>\n<li><a href=\"https:\/\/www.hopp-la.ch\/wp-content\/uploads\/2023\/06\/Merkblatt-Projektablauf_v3.pdf\" target=\"_blank\" rel=\"noopener\">Merkblatt Projektablauf<\/a><\/li>\n<li><a href=\"https:\/\/www.hopp-la.ch\/wp-content\/uploads\/2023\/06\/Merkblatt-Anforderungen-an-die-Projektleitung_v3.pdf\" target=\"_blank\" rel=\"noopener\">Merkblatt Anforderungen an die Projektleitung<\/a><\/li>\n<li><a href=\"https:\/\/www.hopp-la.ch\/wp-content\/uploads\/2023\/06\/Merkblatt-Aufgaben-Projektleitung.docx_v3-2.pdf\" target=\"_blank\" rel=\"noopener\">Merkblatt Aufgaben Projektleitung<\/a><\/li>\n<li><a href=\"https:\/\/www.hopp-la.ch\/wp-content\/uploads\/2023\/06\/Merkblatt-Rekrutierung-Kursleitende_v3.pdf\" target=\"_blank\" rel=\"noopener\">Merkblatt Rekrutierung Kursleitende\u00a0<\/a><\/li>\n<\/ul>\n<p>[\/vc_column_text][\/vc_column][vc_column width=&#8221;1\/3&#8243; el_class=&#8221;infobox_gr&#8221;][vc_single_image image=&#8221;6910&#8243; img_size=&#8221;full&#8221; onclick=&#8221;custom_link&#8221; link=&#8221;https:\/\/www.hopp-la.ch\/umsetzung\/ag\/informationsveranstaltung\/&#8221;][vc_single_image image=&#8221;8521&#8243; img_size=&#8221;full&#8221; onclick=&#8221;custom_link&#8221; link=&#8221;https:\/\/www.hopp-la.ch\/fr\/offres-2\/formation\/&#8221;][\/vc_column][\/vc_row][vc_row][vc_column][vc_single_image image=&#8221;6641&#8243; img_size=&#8221;full&#8221; alignment=&#8221;center&#8221;][\/vc_column][\/vc_row][vc_row][vc_column][vc_column_text]<strong>&#8220;Le projet Hopp-la dans le canton d&#8217;Argovie&#8221; est soutenu par le canton d&#8217;Argovie ainsi que par Promotion Sant\u00e9 Suisse :&#8221;<\/strong>[\/vc_column_text][\/vc_column][\/vc_row][vc_row][vc_column width=&#8221;1\/2&#8243;][vc_single_image image=&#8221;6727&#8243; img_size=&#8221;full&#8221; el_class=&#8221;logoaargau&#8221;][\/vc_column][vc_column width=&#8221;1\/2&#8243;][vc_single_image image=&#8221;2654&#8243; img_size=&#8221;full&#8221; el_class=&#8221;logoaargau&#8221;][\/vc_column][\/vc_row][vc_row][vc_column][vc_empty_space][vc_empty_space height=&#8221;20px&#8221;][\/vc_column][\/vc_row]<\/p>\n<\/div>","protected":false},"excerpt":{"rendered":"<p>[vc_row][vc_column][vc_empty_space height=&#8221;50px&#8221;][vc_empty_space height=&#8221;50px&#8221;][\/vc_column][\/vc_row][vc_row][vc_column][vc_column_text]Sur mandat du canton d&#8217;Argovie (programme de promotion de la sant\u00e9 des personnes \u00e2g\u00e9es, d\u00e9partement de la sant\u00e9 et des affaires sociales), la fondation Hopp-la introduit les cours d&#8217;activit\u00e9 physique interg\u00e9n\u00e9rationnels &#8220;Hopp-la Fit&#8221; et &#8220;Hopp-la Tandem&#8221; dans le canton d&#8217;Argovie. En 2023 \/ 2024, l&#8217;introduction de ces cours dans onze communes \/ villes,&hellip;<\/p>\n","protected":false},"author":5,"featured_media":7828,"parent":9261,"menu_order":0,"comment_status":"closed","ping_status":"closed","template":"","meta":{"_monsterinsights_skip_tracking":false,"_monsterinsights_sitenote_active":false,"_monsterinsights_sitenote_note":"","_monsterinsights_sitenote_category":0,"footnotes":""},"class_list":["post-9144","page","type-page","status-publish","has-post-thumbnail","hentry","description-off"],"_links":{"self":[{"href":"https:\/\/www.hopp-la.ch\/fr\/wp-json\/wp\/v2\/pages\/9144","targetHints":{"allow":["GET"]}}],"collection":[{"href":"https:\/\/www.hopp-la.ch\/fr\/wp-json\/wp\/v2\/pages"}],"about":[{"href":"https:\/\/www.hopp-la.ch\/fr\/wp-json\/wp\/v2\/types\/page"}],"author":[{"embeddable":true,"href":"https:\/\/www.hopp-la.ch\/fr\/wp-json\/wp\/v2\/users\/5"}],"replies":[{"embeddable":true,"href":"https:\/\/www.hopp-la.ch\/fr\/wp-json\/wp\/v2\/comments?post=9144"}],"version-history":[{"count":10,"href":"https:\/\/www.hopp-la.ch\/fr\/wp-json\/wp\/v2\/pages\/9144\/revisions"}],"predecessor-version":[{"id":10088,"href":"https:\/\/www.hopp-la.ch\/fr\/wp-json\/wp\/v2\/pages\/9144\/revisions\/10088"}],"up":[{"embeddable":true,"href":"https:\/\/www.hopp-la.ch\/fr\/wp-json\/wp\/v2\/pages\/9261"}],"wp:featuredmedia":[{"embeddable":true,"href":"https:\/\/www.hopp-la.ch\/fr\/wp-json\/wp\/v2\/media\/7828"}],"wp:attachment":[{"href":"https:\/\/www.hopp-la.ch\/fr\/wp-json\/wp\/v2\/media?parent=9144"}],"curies":[{"name":"wp","href":"https:\/\/api.w.org\/{rel}","templated":true}]}}

<div class="wpb-content-wrapper"><p>[vc_row][vc_column][vc_empty_space height=&#8221;50px&#8221;]<div id="ultimate-heading-729469f148bd279a7" class="uvc-heading ult-adjust-bottom-margin ultimate-heading-729469f148bd279a7 uvc-1130 accent-border-color uvc-heading-default-font-sizes" data-hspacer="line_only"  data-halign="left" style="text-align:left"><div class="uvc-main-heading ult-responsive"  data-ultimate-target='.uvc-heading.ultimate-heading-729469f148bd279a7 h2'  data-responsive-json-new='{"font-size":"","line-height":""}' ><h2 style="--font-weight:theme;">Projet Hopp-la dans le canton d'Argovie</h2></div><div class="uvc-heading-spacer line_only" style="topheight:2px;"><span class="uvc-headings-line" style="border-style:solid;border-bottom-width:2px;border-color:#ccc;width:50px;"></span></div></div>[vc_empty_space height=&#8221;50px&#8221;][/vc_column][/vc_row][vc_row][vc_column][vc_column_text]Sur mandat du canton d&#8217;Argovie (programme de promotion de la santé des personnes âgées, département de la santé et des affaires sociales), la fondation Hopp-la introduit les cours d&#8217;activité physique intergénérationnels &#8220;Hopp-la Fit&#8221; et &#8220;Hopp-la Tandem&#8221; dans le canton d&#8217;Argovie. En 2023 / 2024, l&#8217;introduction de ces cours dans onze communes / villes, dont trois dans le Fricktal, sera encouragée.</p>
<p>L&#8217;introduction de ces cours intergénérationnels a pour but de permettre aux jeunes et aux moins jeunes de se rencontrer davantage et de faire de l&#8217;exercice ensemble avec plaisir. En effet, les activités physiques intergénérationnelles ciblées améliorent les performances physiques, le bien-être psychosocial et les compétences socio-émotionnelles : Cela se fait grâce à un entraînement de la force et de l&#8217;équilibre ludique et préventif contre les chutes, ainsi que grâce à la promotion de formes de base d&#8217;activité physique et de l&#8217;échange entre les générations.</p>
<p>Vous trouverez des impressions sur les offres intergénérationnelles dans le reportage de SRF-Kulturplatz : &#8220;<a href="https://www.srf.ch/play/tv/redirect/detail/a4d610b1-8361-49e4-bd40-66463f73fcd7" target="_blank" rel="noopener">Jung trifft Alt im Basler Wesley Haus</a>&#8221; ainsi que <a href="https://www.srf.ch/play/tv/redirect/detail/9be99f69-7a66-445d-91bf-99603675656c" target="_blank" rel="noopener">&#8220;Das Projekt Hopp-la &#8211; gemeinsam in Bewegung&#8221;.</a>[/vc_column_text][/vc_column][/vc_row][vc_row][vc_column width=&#8221;2/3&#8243;][vc_column_text css=&#8221;&#8221;]Les communes, villes ou organisations intéressées peuvent télécharger toutes les informations pertinentes pour le projet :</p>
<p><strong>Téléchargements : </strong>(que en allemand car L&#8217;Argovie est un canton suisse allemand)</p>
<ul>
<li><a href="https://www.hopp-la.ch/wp-content/uploads/2023/06/Projektbeschreibung-Hopp-la-Kanton-Aargau_v3-1.pdf" target="_blank" rel="noopener">Projektbeschreibung</a></li>
<li><a href="https://www.hopp-la.ch/wp-content/uploads/2023/06/Teilnahmebedingungen-fuer-Gemeinden_Staedte_Organisationen_v3.pdf" target="_blank" rel="noopener">Teilnahmebedingungen</a></li>
<li><a href="https://www.hopp-la.ch/wp-content/uploads/2023/06/Merkblatt-Projektablauf_v3.pdf" target="_blank" rel="noopener">Merkblatt Projektablauf</a></li>
<li><a href="https://www.hopp-la.ch/wp-content/uploads/2023/06/Merkblatt-Anforderungen-an-die-Projektleitung_v3.pdf" target="_blank" rel="noopener">Merkblatt Anforderungen an die Projektleitung</a></li>
<li><a href="https://www.hopp-la.ch/wp-content/uploads/2023/06/Merkblatt-Aufgaben-Projektleitung.docx_v3-2.pdf" target="_blank" rel="noopener">Merkblatt Aufgaben Projektleitung</a></li>
<li><a href="https://www.hopp-la.ch/wp-content/uploads/2023/06/Merkblatt-Rekrutierung-Kursleitende_v3.pdf" target="_blank" rel="noopener">Merkblatt Rekrutierung Kursleitende </a></li>
</ul>
<p>[/vc_column_text][/vc_column][vc_column width=&#8221;1/3&#8243; el_class=&#8221;infobox_gr&#8221;][vc_single_image image=&#8221;6910&#8243; img_size=&#8221;full&#8221; onclick=&#8221;custom_link&#8221; link=&#8221;https://www.hopp-la.ch/umsetzung/ag/informationsveranstaltung/&#8221;][vc_single_image image=&#8221;8521&#8243; img_size=&#8221;full&#8221; onclick=&#8221;custom_link&#8221; link=&#8221;https://www.hopp-la.ch/fr/offres-2/formation/&#8221;][/vc_column][/vc_row][vc_row][vc_column][vc_single_image image=&#8221;6641&#8243; img_size=&#8221;full&#8221; alignment=&#8221;center&#8221;][/vc_column][/vc_row][vc_row][vc_column][vc_column_text]<strong>&#8220;Le projet Hopp-la dans le canton d&#8217;Argovie&#8221; est soutenu par le canton d&#8217;Argovie ainsi que par Promotion Santé Suisse :&#8221;</strong>[/vc_column_text][/vc_column][/vc_row][vc_row][vc_column width=&#8221;1/2&#8243;][vc_single_image image=&#8221;6727&#8243; img_size=&#8221;full&#8221; el_class=&#8221;logoaargau&#8221;][/vc_column][vc_column width=&#8221;1/2&#8243;][vc_single_image image=&#8221;2654&#8243; img_size=&#8221;full&#8221; el_class=&#8221;logoaargau&#8221;][/vc_column][/vc_row][vc_row][vc_column][vc_empty_space][vc_empty_space height=&#8221;20px&#8221;][/vc_column][/vc_row]</p>
</div>

<p>[vc_row][vc_column][vc_empty_space height=&#8221;50px&#8221;][vc_empty_space height=&#8221;50px&#8221;][/vc_column][/vc_row][vc_row][vc_column][vc_column_text]Sur mandat du canton d&#8217;Argovie (programme de promotion de la santé des personnes âgées, département de la santé et des affaires sociales), la fondation Hopp-la introduit les cours d&#8217;activité physique intergénérationnels &#8220;Hopp-la Fit&#8221; et &#8220;Hopp-la Tandem&#8221; dans le canton d&#8217;Argovie. En 2023 / 2024, l&#8217;introduction de ces cours dans onze communes / villes,&hellip;</p>
